se 7) to base 16.
-2436
Convert -111000000100111 (base 2) to base 11.
-1a631
Convert -6220 (base 11) to base 2.
-10000000111010
Convert -aad (base 15) to base 6.
-15101
Convert 2a16 (base 12) to base 4.
1030302
What is 18a (base 15) in base 9?
434
12114 (base 6) to base 2
11011101110
-5536 (base 14) to base 6
-152140
Convert -220021 (base 3) to base 13.
-3b5
Convert -125 (base 16) to base 6.
-1205
Convert 250a (base 12) to base 2.
1000001011010
-5b24 (base 12) to base 7
-41614
25405 (base 6) to base 13
197c
Convert 5c (base 14) to base 4.
1102
3214 (base 9) to base 8
4472
-11222122 (base 3) to base 6
-24455
-33446 (base 7) to base 3
-102121102
-4762 (base 10) to base 13
-2224
10010001 (base 2) to base 3
12101
-812 (base 16) to base 8
-4022
Convert -814 (base 12) to base 16.
-490
Convert 16247 (base 8) to base 11.
5569
Convert 30b (base 15) to base 4.
22232
What is 11024 (base 6) in base 12?
a74
-42 (base 14) to base 6
-134
What is 17761 (base 8) in base 16?
1ff1
What is 340 (base 11) in base 12?
29b
What is -342 (base 12) in base 16?
-1e2
Convert 222010 (base 3) to base 15.
320
What is 768 (base 9) in base 6?
2525
1678 (base 9) to base 10
1286
What is 1a60 (base 16) in base 15?
2002
-16a5 (base 13) to base 2
-110100010010
1110 (base 3) to base 16
27
What is -331120 (base 6) in base 5?
-1334410
4134 (base 6) to base 7
2455
What is -4012 (base 5) in base 11?
-421
What is -220202 (base 4) in base 15?
-b7e
-10100102 (base 3) to base 4
-212021
-13984 (base 14) to base 9
-73510
Convert 3a50 (base 14) to base 4.
2200112
Convert -223100 (base 4) to base 12.
-1728
22a (base 14) to base 2
110101110
Convert -93bc (base 14) to base 10.
-25450
Convert 3102002 (base 5) to base 2.
1100010001001100
What is -410 (base 6) in base 15?
-a0
What is 203 (base 5) in base 7?
104
-305 (base 11) to base 14
-1c4
What is -48 (base 12) in base 3?
-2002
Convert -5206 (base 7) to base 2.
-11100011011
Convert -1401 (base 5) to base 4.
-3202
-6302 (base 7) to base 14
-b39
What is -10000101110 (base 2) in base 6?
-4542
Convert -1135e (base 15) to base 9.
-83108
Convert 1432 (base 5) to base 6.
1042
110000 (base 2) to base 8
60
Convert 106 (base 9) to base 6.
223
What is -22234 (base 10) in base 12?
-10a4a
What is 1550 (base 16) in base 10?
5456
312a (base 12) to base 15
18c7
-2110 (base 4) to base 7
-301
-101673 (base 8) to base 4
-20032323
Convert -100121112 (base 3) to base 11.
-52a0
-5a46 (base 12) to base 2
-10011110010110
6a8 (base 16) to base 8
3250
Convert -11312 (base 7) to base 5.
-43100
-6d8 (base 14) to base 13
-811
-657 (base 12) to base 11
-777
2381 (base 9) to base 14
90a
10 (base 12) to base 6
20
What is 1412 (base 9) in base 13?
63b
Convert 10b (base 15) to base 6.
1032
-12672 (base 9) to base 7
-33662
Convert -1510 (base 8) to base 2.
-1101001000
What is 606 (base 13) in base 14?
52c
-1667 (base 8) to base 5
-12301
What is 2210210 (base 3) in base 12?
1226
What is -714 (base 9) in base 12?
-404
Convert -3636 (base 9) to base 5.
-41311
What is -25806 (base 10) in base 9?
-38353
-30332 (base 4) to base 12
-592
13123 (base 4) to base 2
111011011
6d8 (base 16) to base 14
8d2
Convert 1459 (base 11) to base 12.
1107
What is -66bf (base 16) in base 15?
-7bd8
369 (base 13) to base 9
730
Convert -12020220 (base 3) to base 15.
-1206
What is -1b1c (base 16) in base 8?
-15434
Convert -767 (base 10) to base 7.
-2144
What is 888 (base 13) in base 9?
2006
-603a (base 16) to base 10
-24634
Convert 1423 (base 9) to base 6.
4550
-113213 (base 4) to base 9
-2058
2bd (base 16) to base 14
381
What is -1335 (base 7) in base 8?
-1004
-4424 (base 7) to base 13
-950
2801 (base 9) to base 12
1277
-43035 (base 6) to base 2
-1011011011111
What is -44 (base 13) in base 8?
-70
Convert -10021011 (base 3) to base 2.
-100101001100
What is -10941 (base 13) in base 3?
-1112100010
Convert -644 (base 11) to base 7.
-2154
What is aa (base 16) in base 4?
2222
Convert -1010011011 (base 2) to base 16.
-29b
-11120022 (base 3) to base 4
-310001
-221c (base 15) to base 2
-1110000111011
4a61 (base 11) to base 9
10044
1000221112 (base 3) to base 8
47624
What is -5757 (base 12) in base 11?
-7332
What is -450 (base 12) in base 6?
-2540
904 (base 15) to base 3
2210011
41 (base 11) to base 3
1200
4a5 (base 11) to base 4
21113
-10001110011 (base 2) to base 13
-698
What is -439 (base 10) in base 2?
-110110111
-1c (base 16) to base 14
-20
Convert -20011112 (base 3) to base 14.
-18d2
What is 24cc (base 14) in base 3?
22211222
What is -72 (base 11) in base 12?
-67
-8006 (base 9) to base 14
-21b0
2479 (base 13) to base 4
1100302
What is -4192 (base 11) in base 16?
-15aa
-10100000000101111 (base 2) to base 13
-2b402
What is -858 (base 9) in base 4?
-22331
Convert 100111010111000 (base 2) to base 3.
1000122101
Convert 1136 (base 8) to base 13.
378
Convert -12020100 (base 3) to base 8.
-7350
Convert 2360 (base 7) to base 8.
1553
What is -13229 (base 13) in base 14?
-cd37
-100330 (base 4) to base 14
-576
537 (base 14) to base 11
856
3d9 (base 15) to base 10
879
Convert -11101011 (base 3) to base 9.
-4334
-d19 (base 14) to base 12
-15a3
103223 (base 6) to base 7
33546
Convert 200210 (base 3) to base 10.
507
-1421433 (base 5) to base 12
-15182
Convert 2402 (base 5) to base 8.
540
-100022111 (base 3) to base 9
-10274
What is -100010101010000 (base 2) in base 15?
-53ce
-8028 (base 9) to base 4
-1123202
Convert -355 (base 13) to base 3.
-210101
What is -2238 (base 10) in base 9?
-3056
14c36 (base 14) to base 16
ca50
What is 27ba (base 12) in base 14?
1970
Convert -1123 (base 7) to base 5.
-3114
What is 60549 (base 10) in base 8?
166205
-ea7d (base 16) to base 3
-10001100022
-6428 (base 9) to base 12
-2898
Convert 1000110000110111 (base 2) to base 13.
13452
Convert -64 (base 10) to base 9.
-71
What is -147 (base 16) in base 9?
-403
What is -2027 (base 10) in base 6?
-13215
-2b1 (base 14) to base 8
-1043
What is 828 (base 10) in base 2?
1100111100
Convert 1871 (base 9) to base 5.
21231
What is 3025 (base 6) in base 9?
818
Convert 27530 (base 9) to base 5.
1044112
What is 1271 (base 10) in base 7?
3464
1024 (base 7) to base 14
1bb
What is -2312 (base 9) in base 3?
-2100102
What is 681 (base 10) in base 3?
221020
What is -1031101 (base 5) in base 7?
-102314
13904 (base 12) to base 15
80ea
Convert 4324 (base 5) to base 4.
21031
What is -4d75 (base 16) in base 3?
-1000012102
What is -11021101 (base 3) in base 11?
-2382
a27d (base 15) to base 10
34318
Convert -956 (base 11) to base 14.
-5c2
-da5c (base 16) to base 2
-1101101001011100
380 (base 15) to base 16
31b
-565 (base 16) to base 11
-1046
-995 (base 11) to base 6
-5305
What is -1351 (base 11) in base 2?
-11011010110
Convert -30360 (base 7) to base 8.
-16340
What is 11 (base 2) in base 6?
3
356b (base 12) to base 5
142422
What is 12343 (base 5) in base 11?
805
-a72 (base 11) to base 5
-20124
What is 318a (base 14) in base 11?
6473
What is 4037 (base 8) in base 9?
2760
-125 (base 7) to base 6
-152
3342 (base 5) to base 3
122111
-bb0 (base 15) to base 2
-101001010000
10692 (base 11) to base 7
63045
What is -845e (base 15) in base 10?
-27989
Convert 21114 (base 6) to base 15.
ca4
Convert 1000000100101111 (base 2) to base 4.
20010233
What is -1433 (base 13) in base 7?
-11333
12101021 (base 3) to base 9
5337
Convert -7eb (base 16) to base 2.
-11111101011
What is 1b43 (base 15) in base 3?
22010000
-85040 (base 9) to base 7
-322521
What is 133 (base 12) in base 8?
267
What is -67 (base 14) in base 9?
-111
What is 211220220 (base 3) in base 10?
16710
7586 (base 10) to base 4
1312202
What is -46 (base 15) in base 3?
-2110
Convert -20002001 (base 3) to base 13.
-2029
What is -30330 (base 4) in base 7?
-2262
What is -303322 (base 4) in base 7?
-12454
Convert 5122 (base 8) to base 13.
1283
What is 651c (base 13) in base 5?
422202
Convert -4459 (base 10) to base 3.
-20010011
5aa (base 13) to base 15
45a
Convert -10345 (base 10) to base 6.
-115521
14201 (base 5) to base 6
5240
What is 10000110110000 (base 2) in base 12?
4ba8
-211320 (base 5) to base 14
-2821
Convert -28a (base 11) to base 2.
-101010100
-288 (base 16) to base 14
-344
Convert 646 (base 11) to base 6.
3332
1647 (base 9) to base 12
88a
What is -4664 (base 10) in base 15?
-15ae
Convert 2441 (base 5) to base 7.
1040
What is 